eds digit of 496018292?
2
What is the hundred thousands digit of 7276637?
2
What is the thousands digit of 11657678?
7
What is the hundred thousands digit of 7318536?
3
What is the hundred thousands digit of 59710270?
7
What is the hundreds digit of 3837506403?
4
What is the ten millions digit of 18944583?
1
What is the millions digit of 1193064482?
3
What is the ten millions digit of 521722490?
2
What is the millions digit of 1134254944?
4
What is the hundreds digit of 5346875951?
9
What is the millions digit of 345325247?
5
What is the hundred millions digit of 799691871?
7
What is the hundred millions digit of 800875295?
8
What is the hundred thousands digit of 525018026?
0
What is the billions digit of 3534194243?
3
What is the units digit of 429245301?
1
What is the tens digit of 4486409832?
3
What is the thousands digit of 346314810?
4
What is the thousands digit of 6201601341?
1
What is the ten millions digit of 239187888?
3
What is the units digit of 1968780073?
3
What is the units digit of 120597567?
7
What is the hundred millions digit of 214790056?
2
What is the hundred thousands digit of 1654096893?
0
What is the thousands digit of 37541307?
1
What is the tens digit of 115123578?
7
What is the millions digit of 538886340?
8
What is the ten thousands digit of 566983146?
8
What is the ten millions digit of 47561346?
4
What is the units digit of 746265140?
0
What is the thousands digit of 33546314?
6
What is the ten millions digit of 1692575766?
9
What is the units digit of 34721370?
0
What is the tens digit of 880382053?
5
What is the units digit of 4450876374?
4
What is the hundreds digit of 907522773?
7
What is the thousands digit of 80345293?
5
What is the hundreds digit of 2560013051?
0
What is the hundreds digit of 585717970?
9
What is the hundreds digit of 56227389?
3
What is the thousands digit of 786204142?
4
What is the thousands digit of 154372426?
2
What is the hundred thousands digit of 164254153?
2
What is the hundred thousands digit of 33887884?
8
What is the millions digit of 1014800768?
4
What is the ten millions digit of 626363737?
2
What is the hundred thousands digit of 356360592?
3
What is the units digit of 35103412?
2
What is the hundreds digit of 81826143?
1
What is the tens digit of 137044275?
7
What is the hundred thousands digit of 355807288?
8
What is the tens digit of 54082121?
2
What is the millions digit of 18316792?
8
What is the tens digit of 459773082?
8
What is the ten thousands digit of 205558176?
5
What is the units digit of 271504004?
4
What is the thousands digit of 713191849?
1
What is the ten thousands digit of 560388188?
8
What is the thousands digit of 43784699?
4
What is the ten thousands digit of 3065270622?
7
What is the tens digit of 5012892887?
8
What is the units digit of 165404887?
7
What is the hundred thousands digit of 1240541856?
5
What is the billions digit of 2806854320?
2
What is the hundred thousands digit of 93085099?
0
What is the ten millions digit of 24798849?
2
What is the millions digit of 8232918861?
2
What is the millions digit of 1456694783?
6
What is the ten thousands digit of 350070379?
7
What is the hundreds digit of 13870769?
7
What is the ten millions digit of 983430015?
8
What is the ten millions digit of 122982316?
2
What is the hundreds digit of 1316704745?
7
What is the ten millions digit of 42978688?
4
What is the units digit of 1535325348?
8
What is the ten millions digit of 1492304019?
9
What is the hundred thousands digit of 3196372679?
3
What is the thousands digit of 2396352?
6
What is the hundred thousands digit of 147383798?
3
What is the millions digit of 77478274?
7
What is the hundred thousands digit of 361190191?
1
What is the hundred millions digit of 116679069?
1
What is the ten millions digit of 266397095?
6
What is the ten millions digit of 41578596?
4
What is the tens digit of 4980298146?
4
What is the thousands digit of 3289003839?
3
What is the tens digit of 4040774288?
8
What is the hundred thousands digit of 1454545935?
5
What is the tens digit of 288806785?
8
What is the units digit of 67385480?
0
What is the millions digit of 2724026159?
4
What is the ten thousands digit of 2022960119?
6
What is the ten millions digit of 262312090?
6
What is the hundred millions digit of 7366342412?
3
What is the tens digit of 89543389?
8
What is the millions digit of 4740744?
4
What is the hundred millions digit of 256676579?
2
What is the hundred thousands digit of 252910888?
9
What is the thousands digit of 105192701?
2
What is the hundred thousands digit of 1168345212?
3
What is the units digit of 875193065?
5
What is the hundred thousands digit of 639373747?
3
What is the tens digit of 41810672?
7
What is the ten millions digit of 839289582?
3
What is the units digit of 127948807?
7
What is the ten thousands digit of 7092370?
9
What is the millions digit of 1153166099?
3
What is the units digit of 52242236?
6
What is the tens digit of 42367409?
0
What is the thousands digit of 3786047?
6
What is the hundreds digit of 57098216?
2
What is the ten millions digit of 1006466357?
0
What is the ten thousands digit of 65051326?
5
What is the units digit of 281507716?
6
What is the hundreds digit of 41063611?
6
What is the hundred millions digit of 279217990?
2
What is the units digit of 152147687?
7
What is the hundreds digit of 3358279?
2
What is the hundred thousands digit of 209264489?
2
What is the tens digit of 2059377215?
1
What is the hundred millions digit of 241381959?
2
What is the hundreds digit of 219289574?
5
What is the hundred thousands digit of 564756164?
7
What is the thousands digit of 6466847893?
7
What is the hundred thousands digit of 266136141?
1
What is the hundreds digit of 123754228?
2
What is the hundred thousands digit of 205116634?
1
What is the ten millions digit of 115095746?
1
What is the units digit of 77515747?
7
What is the thousands digit of 2075769329?
9
What is the hundred thousands digit of 523778785?
7
What is the hundreds digit of 94348806?
8
What is the tens digit of 12255277?
7
What is the hundred thousands digit of 49685337?
6
What is the hundreds digit of 75438321?
3
What is the tens digit of 125251429?
2
What is the units digit of 154936498?
8
What is the units digit of 2441736047?
7
What is the thousands digit of 146060866?
0
What is the hundreds digit of 123979975?
9
What is the millions digit of 47614300?
7
What is the units digit of 339148872?
2
What is the hundred thousands digit of 357717731?
7
What is the units digit of 366504880?
0
What is the ten thousands digit of 132068025?
6
What is the millions digit of 2674606982?
4
What is the thousands digit of 2067146258?
6
What is the millions digit of 436329011?
6
What is the ten thousands digit of 695994978?
9
What is the units digit of 1953256847?
7
What is the tens digit of 129231475?
7
What is the hundreds digit of 2890067792?
7
What is the billions digit of 1116660367?
1
What is the hundred thousands digit of 626480416?
4
What is the units digit of 369672308?
8
What is the units digit of 202393229?
9
What is the ten thousands digit of 748973601?
7
What is the hundreds digit of 11053641?
6
What is the ten thousands digit of 263095041?
9
What is the hundred millions digit of 5567161627?
5
What is the ten thousands digit of 28939892?
3
What is the hundred thousands digit of 459344891?
3
What is the hundred thousands digit of 269052224?
0
What is the ten millions digit of 1032331269?
3
What is the hundreds digit of 103858425?
4
What is the ten thousands digit of 25186480?
8
What is the millions digit of 193854559?
3
What is the hundreds digit of 134347877?
8
What is the hundred thousands digit of 468660238?
6
What is the hundred millions digit of 585758419?
5
What is the hundred thousands digit of 171524550?
5
What is the hundred thousands digit of 1435658603?
6
What is the ten thousands digit of 295309503?
0
What is the hundreds digit of 9338672?
6
What is the tens digit of 159949783?
8
What is the hundred millions digit of 1587854169?
5
What is the tens digit of 503889214?
1
What is the hundreds digit of 89179902?
9
What is the tens digit of 191775950?
5
What is the units digit of 314720936?
6
What is the ten millions digit of 19278303?
1
What is the te